*d + 117. What is b(-2)?
-145
Let u(p) = -295*p - 892. Determine u(-3).
-7
Let m(w) = 48*w - 2828. Calculate m(59).
4
Let z(t) = -t**3 - t**2 + 52*t + 76. Give z(-7).
6
Let o(z) = z**3 - 6*z**2 - 53*z + 205. Give o(3).
19
Let g(w) = 17*w + 237. Give g(-17).
-52
Let r(l) = 741*l - 11213. What is r(15)?
-98
Let a(q) = -q**3 + 6*q**2 + 181*q - 4. Give a(17).
-106
Let a(t) = 2*t**2 - 273*t - 14770. Determine a(178).
4
Let k(f) = -f**3 + 10*f**2 + 60*f - 37. Determine k(14).
19
Let c(a) = -10*a - 156. Calculate c(-8).
-76
Let c(y) = 5*y - 214. What is c(40)?
-14
Let i(d) = 2*d**2 - 1694*d + 13419. Calculate i(8).
-5
Let t(y) = y**3 - 18*y**2 + 29*y - 36. Determine t(16).
-84
Let r(f) = 71*f - 1446. What is r(20)?
-26
Let o(f) = -75*f + 12. Determine o(0).
12
Let j(l) = -l**3 - 48*l**2 - l - 42. Calculate j(-48).
6
Let u(f) = 39*f**2 + 703*f + 8. What is u(-18)?
-10
Let z(o) = -o**3 + 5*o**2 + 32*o - 34. Give z(8).
30
Let w(g) = -4*g**2 + 13*g - 38. Calculate w(4).
-50
Let v(r) = 118*r - 1299. Give v(11).
-1
Let u(g) = -2*g - 196. Calculate u(-119).
42
Let r(y) = -2*y**2 - 44*y + 407. What is r(7)?
1
Let y(b) = 78*b + 113. Give y(-3).
-121
Let w(g) = -g**3 - 17*g**2 - 85*g - 162. Calculate w(-9).
-45
Let k(a) = -3*a**2 + 60*a - 121. Give k(19).
-64
Let b(f) = 2*f**3 + 22*f**2 + 72*f + 511. Give b(-10).
-9
Let k(w) = -20*w + 667. What is k(33)?
7
Let t(c) = -c**2 - 16*c + 174. What is t(-24)?
-18
Let m(a) = -59*a - 54. Calculate m(6).
-408
Let u(m) = 66*m - 511. What is u(9)?
83
Let j(n) = 2*n**3 + 51*n**2 + 117*n + 22. Determine j(-23).
-24
Let a(i) = 3*i**3 + 19*i**2 - 3*i - 48. Determine a(-6).
6
Let h(v) = 402*v + 1615. What is h(-4)?
7
Let v(d) = -78*d - 13641. Determine v(-175).
9
Let b(p) = -p**2 + 175*p + 2865. Determine b(-15).
15
Let m(q) = 16*q**2 + 191*q - 19. What is m(-12)?
-7
Let s(o) = o**3 - o - 31. Give s(-5).
-151
Let b(r) = -r + 51. Give b(-8).
59
Let g(r) = -2*r**2 + 85*r - 201. Determine g(40).
-1
Let k(w) = 27*w - 384. What is k(13)?
-33
Let v(l) = 17*l**2 + 510*l + 18. Give v(-30).
18
Let m(o) = -20*o - 395. Determine m(-19).
-15
Let l(a) = -132*a + 1187. What is l(9)?
-1
Let m(c) = 41*c**2 + 12*c - 10. What is m(1)?
43
Let i(q) = -q**3 + 9*q**2 + 18*q - 226. Calculate i(7).
-2
Let k(l) = 111*l + 2189. Determine k(-20).
-31
Let l(t) = 5009*t - 10035. What is l(2)?
-17
Let c(p) = 4*p**2 + 285*p - 877. Calculate c(3).
14
Let d(t) = 1479*t + 122777. Give d(-83).
20
Let l(f) = 308*f + 618. What is l(-2)?
2
Let j(z) = 3*z**2 + 86*z + 126. Give j(-20).
-394
Let o(l) = l**3 - 60*l**2 - 258*l + 145. What is o(64)?
17
Let f(y) = -55*y + 148. Give f(4).
-72
Let h(y) = y**3 - 55*y**2 - 3*y + 163. Calculate h(55).
-2
Let p(w) = -w**3 + 8*w**2 + 21*w + 80. Calculate p(12).
-244
Let u(j) = -4*j**3 - 209*j**2 - 60*j - 307. Calculate u(-52).
109
Let s(p) = -p**3 + 6*p**2 + 70*p - 404. What is s(7)?
37
Let u(o) = -o**3 + 14*o**2 + 20*o - 84. Calculate u(15).
-9
Let p(y) = -y**2 + 4454*y + 35703. Give p(-8).
7
Let b(j) = -11*j + 21. What is b(-6)?
87
Let m(g) = 1937*g - 31007. Give m(16).
-15
Let u(i) = -26*i + 33. Give u(1).
7
Let x(k) = -2*k**3 - 120*k**2 - 118*k. Calculate x(-59).
0
Let l(k) = -k**3 + 30*k**2 + 74*k - 319. What is l(32)?
1
Let x(d) = -4*d**2 + 175*d + 3025. Determine x(57).
4
Let d(y) = -13*y - 104. What is d(-7)?
-13
Let z(r) = -1248*r - 11236. What is z(-9)?
-4
Let k(y) = 58*y**2 + 6*y + 5. What is k(-1)?
57
Let i(a) = a**3 - 73*a**2 - 235*a + 6369. What is i(75)?
-6
Let j(m) = 43*m - 2908. Determine j(66).
-70
Let g(j) = 30*j**2 - 3659*j - 124. Determine g(122).
-2
Let s(a) = a**3 + 27*a**2 - 8*a + 58. Give s(-27).
274
Let l(z) = -36*z**2 + 327*z - 18. Determine l(9).
9
Let t(s) = 157*s**2 + 5*s - 139. Calculate t(0).
-139
Let n(p) = -p**2 + 38. Calculate n(-6).
2
Let a(d) = -2*d**3 + 4*d**2 + 10*d + 8. What is a(-3)?
68
Let z(b) = 2*b**3 - 85*b**2 - 77*b + 4991. Determine z(42).
-7
Let s(n) = 73*n + 3806. Calculate s(-52).
10
Let c(d) = d**3 + 20*d**2 - 56*d - 54. Give c(-22).
210
Let t(f) = -2*f**3 - 100*f**2 + 202*f - 316. What is t(-52)?
-4
Let a(t) = -4*t**2 - 7*t + 193. Calculate a(-8).
-7
Let j(q) = -3*q**3 - 468*q**2 - 7*q - 1087. Determine j(-156).
5
Let v(w) = w**3 + 39*w**2 + 120*w + 247. Calculate v(-36).
-185
Let q(s) = -s**3 - 9*s**2 + 16*s - 65. Determine q(-11).
1
Let g(z) = -2*z + 29. Calculate g(10).
9
Let v(t) = -t**3 - 17*t**2 + 49*t + 141. What is v(-19)?
-68
Let o(d) = -34*d**2 + 121*d - 10. Calculate o(6).
-508
Let b(h) = 196*h + 513. Calculate b(-6).
-663
Let z(d) = 242*d - 18480. Calculate z(76).
-88
Let y(x) = 857*x**2 + 15432*x + 107. Calculate y(-18).
-1
Let r(d) = -227*d - 48343. Give r(-213).
8
Let s(j) = -93*j - 12833. Give s(-138).
1
Let o(y) = -4*y**3 + y**2 - 27*y - 92. Give o(-3).
106
Let t(r) = r**2 + 125*r - 7018. Calculate t(42).
-4
Let a(b) = 154*b + 846. Calculate a(-6).
-78
Let g(u) = u**3 - 4*u**2 - 23*u + 12. Give g(5).
-78
Let b(a) = -222*a + 14432. Determine b(64).
224
Let b(d) = -d**3 - 46*d**2 - 94*d - 2182. Give b(-45).
23
Let w(p) = -35*p - 2749. Give w(-80).
51
Let b(k) = -k + 481. What is b(-6)?
487
Let l(y) = y**2 + 29*y - 141. Calculate l(4).
-9
Let v(w) = -w**3 - 24*w**2 + 5*w + 252. Determine v(-24).
132
Let l(t) = 116*t**2 + 26*t + 5. What is l(-2)?
417
Let q(v) = 4*v**3 + v**2 + 18*v + 40. Determine q(-2).
-24
Let r(i) = -i**3 - 21*i**2 - 4*i - 97. Determine r(-21).
-13
Let p(d) = d**3 - 25*d**2 + 162*d - 63. Calculate p(12).
9
Let b(t) = 538*t + 1631. Determine b(-3).
17
Let b(c) = -3*c**3 - 9*c**2 + 14*c - 8. Determine b(4).
-288
Let j(c) = c**3 + 3*c**2 - 22*c + 24. What is j(5)?
114
Let w(u) = u**3 + 2*u**2 - 64*u - 4. What is w(-9)?
5
Let u(m) = -2*m**3 + 46*m**2 - 5*m + 91. What is u(23)?
-24
Let c(z) = 371*z + 10384. Determine c(-28).
-4
Let y(j) = -24*j**3 - 2*j**2 + 6. Calculate y(-2).
190
Let i(x) = x**3 + 3*x + 32. Determine i(-3).
-4
Let b(x) = -x**3 - 32*x**2 + 104*x - 47. Determine b(-35).
-12
Let x(u) = -u**2 - 46*u - 212. Determine x(-5).
-7
Let u(z) = -7*z**2 - 61*z + 15. Give u(-13).
-375
Let b(i) = -2*i**3 - 31*i**2 - 44*i - 55. Determine b(-14).
-27
Let p(v) = -32*v**2 + v + 2. Determine p(-2).
-128
Let f(h) = -10087*h - 50419. Calculate f(-5).
16
Let k(v) = 276*v - 2. Determine k(0).
-2
Let h(y) = 2*y**2 + 371*y + 9068. What is h(-29)?
-9
Let o(a) = -246*a + 290. Calculate o(1).
44
Let l(a) = 15*a - 51. Give l(6).
39
Let l(r) = 2*r**2 - 351*r - 13038. Give l(207).
3
Let j(h) = 6*h**2 + 173*h + 38. Determine j(-25).
-537
Let d(t) = -66*t**2 + 4883*t + 66. What is d(74)?
-8
Let g(a) = a**2 + 3*a + 22. Calculate g(8).
110
Let j(t) = t**3 + 11*t**2 - 209*t - 2067. Give j(-9).
-24
Let x(y) = -25*y + 2096. Determine x(76).
196
Let g(q) = -11*q + 51. Give g(3).
18
Let v(h) = -9*h**2 + 42*h - 52. Calculate v(4).
-28
Let l(h) = h**3 + 33*h**2 + 89*h - 8. Give l(-30).
22
Let j(m) = -2*m**2 + 270*m - 2931. What is j(123)?
21
Let n(o) = 2*o - 6. Give n(9).
12
Let b(x) = -14*x**2 + 107*x. Give b(9).
-171
Let x(c) = 15947*c - 15960. Determine x(1).
-13
Let z(p) = -5*p**2 + 49*p - 221. Give z(7).
-123
Let h(j) = j**3 - 48*j**2 + 96*j - 212. Give h(46).
-28
Let x(l) = -433*l + 7. Calculate x(0).
7
Let y(n) = n**3 - 15*n**2 - 32*n - 60. Give y(17).
-26
Let a(l) = -l**3 - 45*l**2 - 48*l + 97. Determine a(-44).
273
Let k(x) = -x**2 + 49*x + 439. Determine k(36).
907
Let i(p) = -2*p**2 - 34*p - 83. Determine i(-3).
1
Let x(u) = u**2 - 63*u - 170. What is x(66)?
28
Let g(c) = c**2 + 44*c + 152. Calculate g(-38).
-76
Let s(t) = -2*t**2 + 30*t + 821. Determine s(-14).
9
Let k(f) = -6*f - 98. Determine k(-36).
118
Let f(p) = -p**3 - 24*p**2 - 117*p + 73. Calculate f(-8).
-15
Let p(d) = 13*d - 333. Calculate p(22).
-47
Let a(i) = i**3 - 16*i**2 - 37*i. Give a(18).
-18
Let d(g) = 217*g + 1108. Give d(-5).
23
Let j(r) = r**3 - 47*r**2 + 45*r + 50. Determine j(46).
4
Let q(t) = -t**2 + 40*t - 90. Give q(38).
-14
Let j(x) = -7*x + 577. Give j(45).
262
Let r(u) = -1286*u + 5005. Calculate r(4).
-139
Let r(p) = -11*p - 110. What is r(-31)?
231
Let z(p) = 7*p**2 - 149*p + 36. Determine z(24).
492
Let c(k) = -6*k**2 - 68*k + 26. Calculate c(-5).
216
Let s(j) = 88*j + 805. Give s(-9).
13
Let s(t) = -320*t**2 + 3832*t + 95. Give s(12).
-1
Let y(j) = -66*j - 290. What is y(-1